 84 = -0*x. List the prime factors of x.
2, 3, 7
Suppose 0 = -4*t - 108 - 32. Let w = t + 71. List the prime factors of w.
2, 3
Let z(s) = 5*s**2 + 22*s - 483. What are the prime factors of z(17)?
2, 167
Let i(n) = 2*n**3 - n**2 - 4*n + 2. Let b be i(2). Let h = b + 4. Let v = -2 + h. What are the prime factors of v?
2
Let g(j) = 15*j**3 + j**2 - j - 1. Let x be g(-1). Let t = x + 13. Let p(r) = -6*r**3 + r**2. List the prime factors of p(t).
7
Let z(b) = -b**2 + 13*b - 20. Let x be z(11). Suppose 0 = x*u, -u + 111 = 4*r - 277. List the prime factors of r.
97
Suppose 26*v - 27*v + 204 = 0. What are the prime factors of v?
2, 3, 17
Let f(j) = -j**2 + 30. Suppose 3 = 2*a + 1. Let c be a/(-2) - (-3)/6. What are the prime factors of f(c)?
2, 3, 5
Let c(r) = 35*r + 5. Let p = -61 - -64. List the prime factors of c(p).
2, 5, 11
Suppose 0 = 3*n - 4*n + 36. Let v = n + -19. Let c = v - 13. What are the prime factors of c?
2
Let u(h) = -h**3 - 20*h**2 + 4*h + 7. What are the prime factors of u(-21)?
2, 7, 13
Suppose -4*u = -n - 7, -2*n = -6*n - u + 23. Let q be 1 - 0 - n/5. Suppose -5*a = -3*v - 212, -3*a - 4*v + 2*v + 131 = q. What are the prime factors of a?
43
Let a be (-2 + -1)/6*-2. Let g(z) = -z + 1 - 7*z**2 - 17*z**2 + 42*z**2 + 0*z. List the prime factors of g(a).
2, 3
Suppose 0 = 3*d + 3*j - 1617, -j - 1249 = -5*d + 1416. What are the prime factors of d?
2, 3, 89
Suppose -497 + 101 = -6*j. Let c = 4 - 2. Suppose -j = -c*a + 34. List the prime factors of a.
2, 5
Let k = 39 + -38. What are the prime factors of k*(-4 + 2) + (-78)/(-2)?
37
Let v be (-116)/(-16) - (-1)/(-4). Suppose 4*d + 63 = v*d. What are the prime factors of d?
3, 7
Suppose -22435 = -10*f - 6665. What are the prime factors of f?
19, 83
Let f(s) = -s**2 - 3*s + 9. Let h be f(-3). Let w(j) = 8*j + 5. List the prime factors of w(h).
7, 11
Suppose 3*f - 49*r = -44*r + 10435, 5*f + 3*r - 17437 = 0. List the prime factors of f.
5, 17, 41
Suppose 13*h = 2084 - 628. List the prime factors of h.
2, 7
Let k(b) = 59*b**3 - 3*b**2 - 7*b + 18. What are the prime factors of k(2)?
2, 29
Let o(b) = -15*b + 161. Let w be o(10). Let j(r) be the third derivative of r**4/8 + 3*r**3 + r**2. List the prime factors of j(w).
3, 17
Suppose 0 = 2*f - 3*y + 7 + 1, -f - 2*y + 3 = 0. Let x be (4 - 7) + 3*f. What are the prime factors of (-143)/(-6) + (-1)/x?
2, 3
Let m(o) = 5*o**2 - 1. Let f be m(1). Suppose i - f = 0, 5*i - 39 = -4*y - 7. Let s = y - -18. List the prime factors of s.
3, 7
Let m = -58 - -684. What are the prime factors of m?
2, 313
Let s be ((-99360)/70)/(-12) + 2/(-7). Let i(a) = -5*a - 2. Let y be i(3). List the prime factors of y/(-51)*(s - 1).
3, 13
Let k = 272 + 203. What are the prime factors of k?
5, 19
Suppose 0 = -6*y - 124 + 988. Let m = y + -91. List the prime factors of m.
53
Let k(x) be the second derivative of x**4/12 - x**3 - 31*x**2/2 - 4*x. List the prime factors of k(-9).
2, 13
Let c(m) = -9*m - 37. Let u be c(-8). Suppose 0 = -4*o + 1 + 15. Suppose -o*b - k + 29 = 0, 5*b - 3*k = -4*k + u. What are the prime factors of b?
2, 3
Suppose 22 = -4*i + 3*i - 4*l, -5*i = l + 34. Let d(k) = -k**2 + 3*k + 2. Let q be d(3). What are the prime factors of (-11)/(q/i*1)?
3, 11
List the prime factors of ((-10 - 0) + 11)/(2/4954).
2477
Suppose -p - 4*l = -448, -2*l = 4*p - 7*p + 1400. What are the prime factors of ((-40)/(-28))/(-5) - p/(-7)?
2, 3, 11
List the prime factors of (-1)/((-36)/6) + (-48453)/(-18).
2, 673
Let y = -580 - -926. List the prime factors of y.
2, 173
Suppose -d - 2*d + 342 = 0. Suppose d = 5*v - 2*v. Let s = -12 + v. What are the prime factors of s?
2, 13
Let k = 4803 + -3333. What are the prime factors of k?
2, 3, 5, 7
Let w be 2 + -4 + 19*18. Suppose 0 = -4*j - j + w. Let k = j - 6. What are the prime factors of k?
2, 31
Suppose -x = -4*x - 69. Let u = x + 40. Let j = -7 + u. What are the prime factors of j?
2, 5
Suppose -232 = -2*o - x, -2*x - 392 = -3*o - 37. Let q = o + -109. List the prime factors of q.
2
What are the prime factors of (-30848)/(-8) + -2 - -10?
2, 3, 7, 23
Suppose -2*i - 13 = 5*f, 2*i + f = 4*f - 5. List the prime factors of (-12)/i + -4 + 51.
2, 5
Suppose 462 = i - x, -4*i - 15*x = -12*x - 1841. List the prime factors of i.
461
Let s = 4958 - 2945. What are the prime factors of s?
3, 11, 61
Suppose 4765 = 5*f + d, 1899 = 2*f + d - 2*d. List the prime factors of f.
2, 7, 17
What are the prime factors of (135/(-12) + -6)*-4?
3, 23
Suppose -9*q - 3*o + 2027 = -5*q, -q + 518 = -3*o. Let x = q - 305. List the prime factors of x.
2, 3, 17
Let i = -89 - -225. List the prime factors of i/3 + (-20)/(-30).
2, 23
Let j(n) = -n**3 + 46*n**2 - 30*n - 329. What are the prime factors of j(45)?
2, 173
Let n(i) = 34*i**3 - 2*i**2 - 2*i + 1. Let t(a) = -a**3 - a**2 + 1. Let u(o) = -n(o) + 2*t(o). List the prime factors of u(-1).
5, 7
Suppose -805*f + 803*f = -1028. List the prime factors of f.
2, 257
List the prime factors of 7 - (4 + -366 + -7).
2, 47
List the prime factors of (-62910)/(-100) + -2 + (-3)/30.
3, 11, 19
Suppose -5*u - 3*j = 2*j - 1690, u = 3*j + 354. What are the prime factors of u?
2, 3, 19
Let m(f) = -3*f**3 + 31*f**2 + 207*f - 2. List the prime factors of m(-8).
2, 7, 19
Let o = -37 - -29. List the prime factors of (8 + 1)*o/(-24).
3
Let n = 187 + 1265. List the prime factors of n.
2, 3, 11
Let s be (-3 - 3)/(2/(-3)). Suppose -2*c + s = 1. Suppose -4*r + 5*z = -105, c*r - 33 - 71 = 4*z. What are the prime factors of r?
5
Let t(g) = -3*g + 7. Let k(x) = 2*x - 5. Let y(p) = 7*k(p) + 5*t(p). Let j be y(4). List the prime factors of 1 + 96/((-8)/j).
7
Let p = 867 - 201. List the prime factors of p.
2, 3, 37
Suppose 0 = 4*b + 1 + 15. Let n = 21 - b. List the prime factors of n.
5
Let y(j) = 19*j**2 + 6. Let a be y(-5). Suppose 199 + a = 5*l. Suppose 5*x - 54 = l. What are the prime factors of x?
2, 19
Let n(o) = 31*o + 25. What are the prime factors of n(21)?
2, 13
List the prime factors of (15/10)/(1*2/20).
3, 5
Suppose 5*r - 16 = -1. Let f(u) be the third derivative of u**5/15 - u**4/12 - u**3/6 - u**2. What are the prime factors of f(r)?
29
Suppose -3460 = -7*v + 5073. What are the prime factors of v?
23, 53
Suppose 5*u + 150 = 160. Suppose -4*s = 2*i - 25 - 69, -s + u*i = -26. What are the prime factors of s?
2, 3
List the prime factors of 1322343/444 - (-1)/(-4).
2, 1489
Suppose -4*s = 5*a - 28, -2*a = -0*a - 2*s - 4. Let o = 8 - a. List the prime factors of o.
2
Let y = 138 + -70. Suppose -t + 65 = -y. List the prime factors of t.
7, 19
Suppose 0 = -4*c + u + 128, 5*u = -4*c + c + 73. What are the prime factors of c?
31
Let z(g) = g + 49. Let x(s) = -s**3 + 8*s**2 + 3*s - 16. Let w be x(8). What are the prime factors of z(w)?
3, 19
Let f(h) = -h**3 + 10*h**2 - 7*h + 15. Let u be (-6)/(-5)*(-320)/(-48). List the prime factors of f(u).
3, 29
Suppose -3*a - 2*x + 3685 = -1579, x = 4. What are the prime factors of a?
2, 3, 73
Suppose 5*b = 3*d - 4388, 5*b - 3101 = -2*d - 184. What are the prime factors of d?
3, 487
Suppose s + 7*s = 1480. Suppose 5*l - s = -4*o, 2*l = -0*l + 2. What are the prime factors of o?
3, 5
Let w be (-2)/(-6 + 0) - (-71)/3. Suppose -7 = -n + w. What are the prime factors of n?
31
Let s = 85 - 83. Suppose 2*n - 3*n + s*f + 225 = 0, -f + 455 = 2*n. What are the prime factors of n?
227
What are the prime factors of 1*(6776/10 - (-102)/(-170))?
677
Let y = -53 + 31. Let o = y - -27. Suppose -p = -2*p - 3, 3*c - o*p = 93. List the prime factors of c.
2, 13
Suppose 4*q = -3*q - 455. Let z = q - -85. List the prime factors of z.
2, 5
Let w(o) be the second derivative of -o**5/20 - o**4/2 - 7*o**3/6 + o**2/2 - 17*o. What are the prime factors of w(-7)?
3, 11
Let v = 195 - -116. Suppose 5*d + 5 = 0, 2*z = 4*z + 5*d - v. List the prime factors of z.
2, 79
Let k be 1*(-2 + -1) - -5. Suppose -4 = k*v + 6. What are the prime factors of v/(14/(-6) + 2)?
3, 5
Let i = 314 - 279. List the prime factors of i.
5, 7
Let m(j) = -12*j + 100. List the prime factors of m(-23).
2, 47
Suppose -25*q = 5018 - 26568. What are the prime factors of q?
2, 431
Suppose 3*v = y - 3830, -y - 425*v = -423*v - 3855. What are the prime factors of y?
5, 769
Let t(y) be the second derivative of y**4/6 + 3*y**3/2 - 9*y**2/2 + 2*y. Suppose -o - u - 2 = 0, 5*